and 4000.
160
Calculate the greatest common divisor of 2852358174 and 558.
558
Calculate the highest common divisor of 729 and 16839171.
729
Calculate the greatest common divisor of 13645926 and 4158.
126
What is the highest common divisor of 3072 and 247537536?
384
What is the greatest common divisor of 98175 and 12716?
187
What is the highest common divisor of 620 and 756380?
20
Calculate the greatest common divisor of 484611 and 1089772.
2411
Calculate the highest common factor of 14300 and 428494.
22
What is the greatest common divisor of 27495870 and 150?
30
Calculate the greatest common factor of 130563557 and 907.
907
Calculate the highest common divisor of 7003 and 14143825.
149
What is the highest common divisor of 115904 and 61?
1
What is the greatest common factor of 411 and 20155988?
137
Calculate the highest common divisor of 11137261 and 33337.
901
What is the greatest common factor of 763253795 and 265?
265
What is the greatest common factor of 25201 and 2103849?
869
What is the highest common divisor of 536834620 and 20?
20
Calculate the highest common factor of 291941 and 24310.
221
Calculate the greatest common factor of 2590092 and 1836.
36
Calculate the highest common divisor of 104 and 44278494.
26
Calculate the highest common divisor of 103668690 and 165.
15
What is the highest common divisor of 1946 and 597541?
7
What is the greatest common divisor of 238 and 76170166?
34
Calculate the greatest common divisor of 23549763 and 201.
201
What is the highest common factor of 29439 and 8177500?
3271
Calculate the highest common factor of 2732125 and 15125.
1375
Calculate the greatest common divisor of 44927743 and 2018.
1009
What is the highest common divisor of 2341743453 and 118?
59
What is the highest common divisor of 94217948 and 220?
44
What is the greatest common divisor of 28676 and 490316586?
14338
Calculate the greatest common divisor of 114567288 and 594.
66
Calculate the greatest common divisor of 151014490 and 1166.
1166
Calculate the highest common factor of 504 and 8317792.
56
Calculate the greatest common factor of 3538143441 and 3087.
3087
What is the greatest common divisor of 4930901 and 39491?
391
Calculate the greatest common divisor of 10825449 and 1659.
237
What is the greatest common factor of 2691 and 637629?
69
What is the greatest common factor of 133 and 7841946?
133
Calculate the greatest common factor of 52407 and 177278.
647
What is the greatest common factor of 393 and 1945481?
131
What is the greatest common divisor of 127092762 and 117?
9
What is the greatest common factor of 27440415 and 1233?
1233
Calculate the greatest common divisor of 92771 and 131075826.
3199
What is the highest common divisor of 38988787 and 888?
37
What is the greatest common divisor of 1643 and 565457?
53
Calculate the highest common factor of 11325486 and 609.
87
What is the greatest common divisor of 445 and 327774540?
445
What is the greatest common divisor of 2647078 and 189?
7
Calculate the greatest common factor of 1529426 and 20512.
1282
What is the highest common divisor of 5530971 and 5751?
213
What is the greatest common factor of 5092320 and 91320?
120
Calculate the highest common factor of 432 and 167481.
27
Calculate the highest common divisor of 884 and 82179071.
221
What is the highest common factor of 3221425 and 2425?
25
What is the greatest common factor of 53864209 and 3242?
1621
Calculate the highest common factor of 35292216 and 256.
8
Calculate the highest common factor of 6016 and 34149448.
376
What is the highest common factor of 2651 and 45406328?
2651
Calculate the greatest common factor of 10775040 and 5460.
60
Calculate the greatest common divisor of 177354 and 9801564.
1002
What is the highest common factor of 72673304 and 10208?
2552
Calculate the highest common factor of 79875 and 436437.
639
What is the greatest common divisor of 9073 and 1538798?
43
What is the greatest common factor of 13613432 and 287528?
2264
Calculate the greatest common divisor of 236034018 and 108.
18
What is the highest common divisor of 26169075 and 180?
45
What is the greatest common divisor of 21378 and 373296?
42
Calculate the greatest common factor of 6624 and 140139.
207
What is the greatest common factor of 21 and 4189759?
7
Calculate the highest common divisor of 10315379 and 31403.
1013
What is the greatest common factor of 117 and 234216?
9
Calculate the greatest common factor of 12960 and 488700.
540
What is the greatest common divisor of 1319275278 and 5274?
5274
What is the highest common divisor of 76048952 and 1736?
1736
Calculate the highest common factor of 586513 and 24393.
47
Calculate the highest common divisor of 299222 and 13056351.
2233
What is the greatest common divisor of 12520732 and 143878?
3346
What is the highest common divisor of 99908 and 316?
4
Calculate the greatest common factor of 142530471 and 552.
69
What is the highest common divisor of 2871248 and 320?
16
What is the greatest common divisor of 5132875 and 55?
55
Calculate the highest common factor of 4324818 and 3894.
354
Calculate the highest common divisor of 24264 and 27312.
24
What is the highest common divisor of 1630 and 42960280?
1630
Calculate the highest common factor of 4906011 and 13.
1
What is the highest common factor of 27986 and 6013?
7
Calculate the greatest common factor of 2450 and 7530614.
98
Calculate the greatest common divisor of 603289 and 2826207.
1303
What is the highest common divisor of 18981232 and 1761?
587
What is the greatest common divisor of 5173452 and 3930?
786
What is the greatest common factor of 14319424 and 896?
448
Calculate the highest common factor of 3007 and 11967116.
31
What is the highest common factor of 244492 and 2448137?
3217
What is the greatest common factor of 5950 and 13540?
10
Calculate the greatest common divisor of 335283872 and 1056.
352
What is the highest common divisor of 1316861 and 65975?
2639
Calculate the highest common factor of 451257 and 171708.
1047
What is the highest common factor of 9143585 and 22?
11
What is the highest common factor of 347423997 and 5169?
5169
What is the highest common factor of 78 and 10168704?
78
Calculate the highest common divisor of 2643557 and 7462.
287
What is the greatest common factor of 1620924 and 2892?
12
What is the highest common divisor of 28704 and 1041456?
624
What is the greatest common divisor of 225 and 861363?
9
Calculate the highest common factor of 144437 and 3827.
43
What is the greatest common factor of 6 and 4312734?
6
What is the greatest common factor of 250289 and 25177?
1481
Calculate the highest common divisor of 3328 and 9685504.
256
Calculate the greatest common factor of 477812919 and 3.
3
What is the highest common factor of 327338196 and 612?
204
Calculate the highest common factor of 2412182 and 639062.
3694
What is the greatest common divisor of 168228 and 35892?
36
What is the greatest common divisor of 790 and 4221830?
10
What is the greatest common factor of 44210793 and 1133?
1133
What is the greatest common factor of 3418295 and 2840?
355
What is the greatest common divisor of 24534861 and 104091?
6123
Calculate the highest common divisor of 684 and 17874.
18
What is the highest common divisor of 83870418 and 102?
102
Calculate the highest common factor of 102 and 299326701.
51
What is the greatest common factor of 264306 and 783?
87
Calculate the highest common factor of 600 and 5576675.
25
What is the highest common divisor of 83826036 and 216?
108
Calculate the highest common divisor of 355 and 1666690.
5
Calculate the highest common divisor of 7558 and 121143403.
3779
What is the greatest common factor of 361020 and 174?
6
Calculate the highest common factor of 951129 and 1296.
27
Calculate the greatest common factor of 40754280 and 696.
696
Calculate the greatest common divisor of 20043120 and 720.
240
Calculate the highest common factor of 236406 and 10086.
246
What is the highest common factor of 51572269 and 119?
7
What is the greatest common factor of 1541103 and 2369361?
6789
What is the highest common divisor of 108 and 14131467?
9
Calculate the highest common factor of 14516 and 47500.
76
What is the greatest common divisor of 123 and 38045171?
41
Calculate the highest comm